{"id":934,"date":"2025-07-01T13:38:40","date_gmt":"2025-07-01T13:38:40","guid":{"rendered":"https:\/\/engagementlit2025.web.ua.pt\/?page_id=934"},"modified":"2025-07-01T13:38:40","modified_gmt":"2025-07-01T13:38:40","slug":"comment-arriver","status":"publish","type":"page","link":"https:\/\/engagementlit2025.web.ua.pt\/?page_id=934&lang=fr","title":{"rendered":"Comment arriver"},"content":{"rendered":"\n<p>Vous trouverez ici des informations g\u00e9n\u00e9rales sur l&#8217;acc\u00e8s \u00e0 l&#8217;Universit\u00e9 d&#8217;Aveiro : <a href=\"https:\/\/www.ua.pt\/pt\/how-to-arrive\">https:\/\/www.ua.pt\/pt\/how-to-arrive<\/a><\/p>\n\n\n\n<p>Le colloque a lieu dans le b\u00e2timent num\u00e9ro 2 (Departamento de L\u00ednguas e Culturas). Voir le plan du campus ici :<\/p>\n\n\n\n<div data-wp-interactive=\"core\/file\" class=\"wp-block-file\"><object data-wp-bind--hidden=\"!state.hasPdfPreview\" hidden class=\"wp-block-file__embed\" data=\"https:\/\/engagementlit2025.web.ua.pt\/wp-content\/uploads\/2025\/07\/Mapa-UA_ING.pdf\" type=\"application\/pdf\" style=\"width:100%;height:600px\" aria-label=\"Embed of Mapa UA_ING.\"><\/object><a id=\"wp-block-file--media-db3a3097-319c-43f5-ae9a-e895b1c9e2d4\" href=\"https:\/\/engagementlit2025.web.ua.pt\/wp-content\/uploads\/2025\/07\/Mapa-UA_ING.pdf\">Mapa UA_ING<\/a><a href=\"https:\/\/engagementlit2025.web.ua.pt\/wp-content\/uploads\/2025\/07\/Mapa-UA_ING.pdf\" class=\"wp-block-file__button wp-element-button\" download aria-describedby=\"wp-block-file--media-db3a3097-319c-43f5-ae9a-e895b1c9e2d4\">Download<\/a><\/div>\n","protected":false},"excerpt":{"rendered":"<p>Vous trouverez ici des informations g\u00e9n\u00e9rales sur l&#8217;acc\u00e8s \u00e0 l&#8217;Universit\u00e9 d&#8217;Aveiro : https:\/\/www.ua.pt\/pt\/how-to-arrive Le colloque a lieu dans le b\u00e2timent num\u00e9ro 2 (Departamento de L\u00ednguas e Culturas). Voir le plan du campus ici :<\/p>\n","protected":false},"author":2,"featured_media":0,"parent":0,"menu_order":0,"comment_status":"closed","ping_status":"closed","template":"","meta":{"footnotes":""},"class_list":["post-934","page","type-page","status-publish","hentry"],"_links":{"self":[{"href":"https:\/\/engagementlit2025.web.ua.pt\/index.php?rest_route=\/wp\/v2\/pages\/934","targetHints":{"allow":["GET"]}}],"collection":[{"href":"https:\/\/engagementlit2025.web.ua.pt\/index.php?rest_route=\/wp\/v2\/pages"}],"about":[{"href":"https:\/\/engagementlit2025.web.ua.pt\/index.php?rest_route=\/wp\/v2\/types\/page"}],"author":[{"embeddable":true,"href":"https:\/\/engagementlit2025.web.ua.pt\/index.php?rest_route=\/wp\/v2\/users\/2"}],"replies":[{"embeddable":true,"href":"https:\/\/engagementlit2025.web.ua.pt\/index.php?rest_route=%2Fwp%2Fv2%2Fcomments&post=934"}],"version-history":[{"count":1,"href":"https:\/\/engagementlit2025.web.ua.pt\/index.php?rest_route=\/wp\/v2\/pages\/934\/revisions"}],"predecessor-version":[{"id":937,"href":"https:\/\/engagementlit2025.web.ua.pt\/index.php?rest_route=\/wp\/v2\/pages\/934\/revisions\/937"}],"wp:attachment":[{"href":"https:\/\/engagementlit2025.web.ua.pt\/index.php?rest_route=%2Fwp%2Fv2%2Fmedia&parent=934"}],"curies":[{"name":"wp","href":"https:\/\/api.w.org\/{rel}","templated":true}]}}