{"id":910,"date":"2025-07-01T13:15:06","date_gmt":"2025-07-01T13:15:06","guid":{"rendered":"https:\/\/engagementlit2025.web.ua.pt\/?page_id=910"},"modified":"2025-07-11T08:23:11","modified_gmt":"2025-07-11T08:23:11","slug":"como-chegar","status":"publish","type":"page","link":"https:\/\/engagementlit2025.web.ua.pt\/?page_id=910","title":{"rendered":"Como chegar"},"content":{"rendered":"\n<p>Aqui encontra informa\u00e7\u00f5es gerais sobre como chegar \u00e0 Universidade de Aveiro: <a href=\"https:\/\/www.ua.pt\/pt\/how-to-arrive\">https:\/\/www.ua.pt\/pt\/how-to-arrive<\/a><\/p>\n\n\n\n<p>O col\u00f3quio realizar-se-\u00e1 no edif\u00edcio n\u00famero 2 (Departamento de L\u00ednguas e Culturas). Veja aqui um mapa do campus:<\/p>\n\n\n\n<div data-wp-interactive=\"core\/file\" class=\"wp-block-file\"><object data-wp-bind--hidden=\"!state.hasPdfPreview\" hidden class=\"wp-block-file__embed\" data=\"https:\/\/engagementlit2025.web.ua.pt\/wp-content\/uploads\/2025\/07\/Mapa-UA_ING.pdf\" type=\"application\/pdf\" style=\"width:100%;height:600px\" aria-label=\"Embed of Mapa UA_ING.\"><\/object><a id=\"wp-block-file--media-5e8a0c10-5aa7-4d06-a5b5-03d805cb1cea\" href=\"https:\/\/engagementlit2025.web.ua.pt\/wp-content\/uploads\/2025\/07\/Mapa-UA_ING.pdf\">Mapa UA_ING<\/a><a href=\"https:\/\/engagementlit2025.web.ua.pt\/wp-content\/uploads\/2025\/07\/Mapa-UA_ING.pdf\" class=\"wp-block-file__button wp-element-button\" download aria-describedby=\"wp-block-file--media-5e8a0c10-5aa7-4d06-a5b5-03d805cb1cea\">Download<\/a><\/div>\n","protected":false},"excerpt":{"rendered":"<p>Aqui encontra informa\u00e7\u00f5es gerais sobre como chegar \u00e0 Universidade de Aveiro: https:\/\/www.ua.pt\/pt\/how-to-arrive O col\u00f3quio realizar-se-\u00e1 no edif\u00edcio n\u00famero 2 (Departamento de L\u00ednguas e Culturas). Veja aqui um mapa do campus:<\/p>\n","protected":false},"author":2,"featured_media":0,"parent":0,"menu_order":0,"comment_status":"closed","ping_status":"closed","template":"","meta":{"footnotes":""},"class_list":["post-910","page","type-page","status-publish","hentry"],"_links":{"self":[{"href":"https:\/\/engagementlit2025.web.ua.pt\/index.php?rest_route=\/wp\/v2\/pages\/910","targetHints":{"allow":["GET"]}}],"collection":[{"href":"https:\/\/engagementlit2025.web.ua.pt\/index.php?rest_route=\/wp\/v2\/pages"}],"about":[{"href":"https:\/\/engagementlit2025.web.ua.pt\/index.php?rest_route=\/wp\/v2\/types\/page"}],"author":[{"embeddable":true,"href":"https:\/\/engagementlit2025.web.ua.pt\/index.php?rest_route=\/wp\/v2\/users\/2"}],"replies":[{"embeddable":true,"href":"https:\/\/engagementlit2025.web.ua.pt\/index.php?rest_route=%2Fwp%2Fv2%2Fcomments&post=910"}],"version-history":[{"count":4,"href":"https:\/\/engagementlit2025.web.ua.pt\/index.php?rest_route=\/wp\/v2\/pages\/910\/revisions"}],"predecessor-version":[{"id":952,"href":"https:\/\/engagementlit2025.web.ua.pt\/index.php?rest_route=\/wp\/v2\/pages\/910\/revisions\/952"}],"wp:attachment":[{"href":"https:\/\/engagementlit2025.web.ua.pt\/index.php?rest_route=%2Fwp%2Fv2%2Fmedia&parent=910"}],"curies":[{"name":"wp","href":"https:\/\/api.w.org\/{rel}","templated":true}]}}